{"id":438,"date":"2023-10-19T20:15:00","date_gmt":"2023-10-19T18:15:00","guid":{"rendered":"https:\/\/aguilarpsicologos.com\/?page_id=438"},"modified":"2024-05-11T18:58:18","modified_gmt":"2024-05-11T16:58:18","slug":"ansiedad-2","status":"publish","type":"page","link":"https:\/\/aguilarpsicologos.com\/index.php\/style-guide\/ansiedad-2\/","title":{"rendered":"ANSIEDAD"},"content":{"rendered":"\n<p>Los problemas de ansiedad son una de las alteraciones emocionales que m\u00e1s se repiten en la poblaci\u00f3n adulta e infantil. Pueden ser definidos como el conjunto de alteraciones desadaptadas de una reacci\u00f3n emocional normal y necesaria que se traduce en sentimientos de aprensi\u00f3n, tensi\u00f3n, nerviosismo y preocupaci\u00f3n, y al que subyace un correlato reactivo del sistema nervioso aut\u00f3nomo y cognitivo, caracterizado por la anticipaci\u00f3n de un peligro o amenaza. La elevada intensidad y frecuencia de esta reacci\u00f3n emocional como su interferencia en el funcionamiento adaptativo de las personas en su vida<br>cotidiana es lo que le confiere la cualidad de trastorno o alteraci\u00f3n patol\u00f3gica.<br>De acuerdo con la clasificaci\u00f3n del manual diagn\u00f3stico y estad\u00edstico de los trastornos mentales, DSM-5-TR, bajo este grupo de trastornos se incluyen las siguientes alteraciones:<\/p>\n\n\n\n<p>\u00b7 Crisis de angustia.<br>\u00b7 Agorafobia.<br>\u00b7 Trastorno de angustia con agorafobia.<br>\u00b7 Trastorno de angustia sin agorafobia.<br>\u00b7 Fobia espec\u00edfica.<br>\u00b7 Fobia social.<br>\u00b7 Trastorno de estr\u00e9s.<br>\u00b7 Trastorno de ansiedad generalizada (TAG).<br>\u00b7 Trastorno de ansiedad debido a enfermedad m\u00e9dica.<br>\u00b7 Trastorno inducido por sustancias.<br>\u00b7 Trastorno de ansiedad no especificado.<\/p>\n\n\n\n<p>Entre los principales factores vinculados a la ansiedad destacan:<\/p>\n\n\n\n<ul class=\"wp-block-list\">\n<li>Factores familiares y gen\u00e9ticos.<\/li>\n\n\n\n<li>Factores temperamentales.<\/li>\n\n\n\n<li>Exposici\u00f3n a acontecimientos estresantes e incontrolables.<\/li>\n\n\n\n<li>Influencia del aprendizaje.<\/li>\n\n\n\n<li>Procesos sociales e interpersonales.<\/li>\n\n\n\n<li>Sesgos cognitivos y distorsiones.<\/li>\n<\/ul>\n\n\n\n<figure class=\"wp-block-table\"><table><tbody><tr><td>Ansiedad de separaci\u00f3n<\/td><td>Ansiedad relacionada con la separaci\u00f3n de figuras de referencia del ni\u00f1o &nbsp;<\/td><\/tr><tr><td>P\u00e1nico sin agorafobia<\/td><td>Aparici\u00f3n recurrente de episodios intensos de miedo o molestia bien inesperados o bien se\u00f1alados por una estimulaci\u00f3n espec\u00edfica, con preocupaci\u00f3n y quejas respecto a nuevos ataques o a sus implicaciones<\/td><\/tr><tr><td>P\u00e1nico con agorafobia<\/td><td>La ansiedad se eleva en situaciones donde escapar o recibir ayuda\/auxilio puede resultar dif\u00edcil<\/td><\/tr><tr><td>Agorafobia<\/td><td>Reacciones de miedo intenso acompa\u00f1ado de evitaci\u00f3n ante situaciones donde escapar o recibir ayuda\/auxilio puede resultar dif\u00edcil (estar solo, lugares masificados, espacios cerrados, etc\u2026) &nbsp;<\/td><\/tr><tr><td>Fobia espec\u00edfica<\/td><td>Reacciones de miedo intenso acompa\u00f1ado de evitaci\u00f3n injustificada ante determinados objetos o situaciones (animal, ambiental, sangre-inyecci\u00f3n, situaciones). &nbsp; &nbsp;<\/td><\/tr><tr><td>Fobia social<\/td><td>Reacciones de miedo intenso o verg\u00fcenza acompa\u00f1ada de evitaci\u00f3n a situaciones sociales en las que la persona est\u00e1 expuesta a desconocidos y\/o puede ser evaluada y enjuiciada. &nbsp;<\/td><\/tr><tr><td>Ansiedad generalizada<\/td><td>Ansiedad persistente con preocupaci\u00f3n excesiva sobre diversos contenidos y de dif\u00edcil control acompa\u00f1ada de moderados s\u00edntomas som\u00e1ticos. &nbsp;<\/td><\/tr><\/tbody><\/table><\/figure>\n\n\n\n<p><\/p>\n","protected":false},"excerpt":{"rendered":"<p>Los problemas de ansiedad son una de las alteraciones emocionales que m\u00e1s se repiten en la poblaci\u00f3n adulta e infantil. Pueden ser definidos como el conjunto de alteraciones desadaptadas de una reacci\u00f3n emocional normal y necesaria que se traduce en sentimientos de aprensi\u00f3n, tensi\u00f3n, nerviosismo y preocupaci\u00f3n, y al que subyace un correlato reactivo del &hellip; <\/p>\n","protected":false},"author":1,"featured_media":412,"parent":206,"menu_order":0,"comment_status":"closed","ping_status":"closed","template":"","meta":{"footnotes":""},"class_list":["post-438","page","type-page","status-publish","has-post-thumbnail","hentry"],"_links":{"self":[{"href":"https:\/\/aguilarpsicologos.com\/index.php\/wp-json\/wp\/v2\/pages\/438","targetHints":{"allow":["GET"]}}],"collection":[{"href":"https:\/\/aguilarpsicologos.com\/index.php\/wp-json\/wp\/v2\/pages"}],"about":[{"href":"https:\/\/aguilarpsicologos.com\/index.php\/wp-json\/wp\/v2\/types\/page"}],"author":[{"embeddable":true,"href":"https:\/\/aguilarpsicologos.com\/index.php\/wp-json\/wp\/v2\/users\/1"}],"replies":[{"embeddable":true,"href":"https:\/\/aguilarpsicologos.com\/index.php\/wp-json\/wp\/v2\/comments?post=438"}],"version-history":[{"count":3,"href":"https:\/\/aguilarpsicologos.com\/index.php\/wp-json\/wp\/v2\/pages\/438\/revisions"}],"predecessor-version":[{"id":620,"href":"https:\/\/aguilarpsicologos.com\/index.php\/wp-json\/wp\/v2\/pages\/438\/revisions\/620"}],"up":[{"embeddable":true,"href":"https:\/\/aguilarpsicologos.com\/index.php\/wp-json\/wp\/v2\/pages\/206"}],"wp:featuredmedia":[{"embeddable":true,"href":"https:\/\/aguilarpsicologos.com\/index.php\/wp-json\/wp\/v2\/media\/412"}],"wp:attachment":[{"href":"https:\/\/aguilarpsicologos.com\/index.php\/wp-json\/wp\/v2\/media?parent=438"}],"curies":[{"name":"wp","href":"https:\/\/api.w.org\/{rel}","templated":true}]}}

<p>Los problemas de ansiedad son una de las alteraciones emocionales que más se repiten en la población adulta e infantil. Pueden ser definidos como el conjunto de alteraciones desadaptadas de una reacción emocional normal y necesaria que se traduce en sentimientos de aprensión, tensión, nerviosismo y preocupación, y al que subyace un correlato reactivo del sistema nervioso autónomo y cognitivo, caracterizado por la anticipación de un peligro o amenaza. La elevada intensidad y frecuencia de esta reacción emocional como su interferencia en el funcionamiento adaptativo de las personas en su vida<br>cotidiana es lo que le confiere la cualidad de trastorno o alteración patológica.<br>De acuerdo con la clasificación del manual diagnóstico y estadístico de los trastornos mentales, DSM-5-TR, bajo este grupo de trastornos se incluyen las siguientes alteraciones:</p>



<p>· Crisis de angustia.<br>· Agorafobia.<br>· Trastorno de angustia con agorafobia.<br>· Trastorno de angustia sin agorafobia.<br>· Fobia específica.<br>· Fobia social.<br>· Trastorno de estrés.<br>· Trastorno de ansiedad generalizada (TAG).<br>· Trastorno de ansiedad debido a enfermedad médica.<br>· Trastorno inducido por sustancias.<br>· Trastorno de ansiedad no especificado.</p>



<p>Entre los principales factores vinculados a la ansiedad destacan:</p>



<ul class="wp-block-list">
<li>Factores familiares y genéticos.</li>



<li>Factores temperamentales.</li>



<li>Exposición a acontecimientos estresantes e incontrolables.</li>



<li>Influencia del aprendizaje.</li>



<li>Procesos sociales e interpersonales.</li>



<li>Sesgos cognitivos y distorsiones.</li>
</ul>



<figure class="wp-block-table"><table><tbody><tr><td>Ansiedad de separación</td><td>Ansiedad relacionada con la separación de figuras de referencia del niño &nbsp;</td></tr><tr><td>Pánico sin agorafobia</td><td>Aparición recurrente de episodios intensos de miedo o molestia bien inesperados o bien señalados por una estimulación específica, con preocupación y quejas respecto a nuevos ataques o a sus implicaciones</td></tr><tr><td>Pánico con agorafobia</td><td>La ansiedad se eleva en situaciones donde escapar o recibir ayuda/auxilio puede resultar difícil</td></tr><tr><td>Agorafobia</td><td>Reacciones de miedo intenso acompañado de evitación ante situaciones donde escapar o recibir ayuda/auxilio puede resultar difícil (estar solo, lugares masificados, espacios cerrados, etc…) &nbsp;</td></tr><tr><td>Fobia específica</td><td>Reacciones de miedo intenso acompañado de evitación injustificada ante determinados objetos o situaciones (animal, ambiental, sangre-inyección, situaciones). &nbsp; &nbsp;</td></tr><tr><td>Fobia social</td><td>Reacciones de miedo intenso o vergüenza acompañada de evitación a situaciones sociales en las que la persona está expuesta a desconocidos y/o puede ser evaluada y enjuiciada. &nbsp;</td></tr><tr><td>Ansiedad generalizada</td><td>Ansiedad persistente con preocupación excesiva sobre diversos contenidos y de difícil control acompañada de moderados síntomas somáticos. &nbsp;</td></tr></tbody></table></figure>



<p></p>

<p>Los problemas de ansiedad son una de las alteraciones emocionales que más se repiten en la población adulta e infantil. Pueden ser definidos como el conjunto de alteraciones desadaptadas de una reacción emocional normal y necesaria que se traduce en sentimientos de aprensión, tensión, nerviosismo y preocupación, y al que subyace un correlato reactivo del &hellip; </p>
