{"id":2,"date":"2023-10-12T18:45:07","date_gmt":"2023-10-12T16:45:07","guid":{"rendered":"https:\/\/aguilarpsicologos.com\/?page_id=2"},"modified":"2024-05-11T19:07:35","modified_gmt":"2024-05-11T17:07:35","slug":"pagina-ejemplo","status":"publish","type":"page","link":"https:\/\/aguilarpsicologos.com\/index.php\/pagina-ejemplo\/","title":{"rendered":"Sobre Nosotros"},"content":{"rendered":"\n<h3 class=\"wp-block-heading\">Jose Manuel Aguilar Melchor<\/h3>\n\n\n\n<p>Es psic\u00f3logo General Sanitario especializado en terapia cognitivo-conductual (TCC) para el tratamiento de la ansiedad y los trastornos del estado de \u00e1nimo. Tiene experiencia trabajando con ni\u00f1os mayores de 8 a\u00f1os, adolescentes y adultos. <\/p>\n\n\n\n<p>Jose Manuel Aguilar Melchor es experto en el tratamiento de una serie de problemas emocionales y de comportamiento que incluyen depresi\u00f3n, ansiedad, trastornos de alimentaci\u00f3n, conflictos, procesos de duelo, angustia emocional, estr\u00e9s y demencias. Trabaja en mejorar la calidad de vida de las personas, entrenamiento en asertividad, crecimiento personal, habilidades sociales e inteligencia emocional. Tambi\u00e9n tiene experiencia en intervenciones de TCC y ha estado utilizando tratamientos basados \u200b\u200ben evidencia para el tratamiento del trastorno obsesivo-compulsivo, la fobia social, los ataques de p\u00e1nico, fobias espec\u00edficas y trastorno de ansiedad generalizada.<\/p>\n\n\n\n<p><br>Jose Manuel Aguilar Melchor se licenci\u00f3 en Psicolog\u00eda en la U.N.E.D con menci\u00f3n en intervenci\u00f3n cl\u00ednica en trastornos mentales y del comportamiento y Psicolog\u00eda de la salud. Tiene un M\u00e1ster en Psicolog\u00eda General Sanitaria por la Universidad Europea. Est\u00e1 colegiado en el colegio de Psic\u00f3logos de Madrid con numero M-35843.<\/p>\n\n\n\n<p>Te mostramos algunos de los servicios que ofrece gracias a su trayectoria y amplia experiencia: Tratamiento de fobias, T\u00e9cnicas y estrategias de autoestima, Terapia para ansiedad, Tratamiento de depresi\u00f3n, Orientaci\u00f3n en la crianza de los hijos, Psicolog\u00eda Infantil, Asesoramiento en duelo.<\/p>\n\n\n\n<figure class=\"wp-block-image size-full\"><img loading=\"lazy\" decoding=\"async\" width=\"225\" height=\"228\" src=\"https:\/\/aguilarpsicologos.com\/wp-content\/uploads\/2023\/10\/cropped-WhatsApp-Image-2023-10-12-at-21.36.32-e1697710609232.jpeg\" alt=\"\" class=\"wp-image-292\"\/><\/figure>\n","protected":false},"excerpt":{"rendered":"<p>Jose Manuel Aguilar Melchor es psic\u00f3logo General Sanitario especializado en terapia cognitivo-conductual (TCC) para el tratamiento de la ansiedad y los trastornos del estado de \u00e1nimo. Tiene experiencia trabajando con ni\u00f1os mayores de 8 a\u00f1os, adolescentes y adultos.  Trabaja en mejorar la calidad de vida de las personas, entrenamiento en asertividad, crecimiento personal, habilidades sociales e inteligencia emocional.<\/p>\n","protected":false},"author":2,"featured_media":0,"parent":0,"menu_order":0,"comment_status":"closed","ping_status":"closed","template":"","meta":{"footnotes":""},"class_list":["post-2","page","type-page","status-publish","hentry"],"_links":{"self":[{"href":"https:\/\/aguilarpsicologos.com\/index.php\/wp-json\/wp\/v2\/pages\/2","targetHints":{"allow":["GET"]}}],"collection":[{"href":"https:\/\/aguilarpsicologos.com\/index.php\/wp-json\/wp\/v2\/pages"}],"about":[{"href":"https:\/\/aguilarpsicologos.com\/index.php\/wp-json\/wp\/v2\/types\/page"}],"author":[{"embeddable":true,"href":"https:\/\/aguilarpsicologos.com\/index.php\/wp-json\/wp\/v2\/users\/2"}],"replies":[{"embeddable":true,"href":"https:\/\/aguilarpsicologos.com\/index.php\/wp-json\/wp\/v2\/comments?post=2"}],"version-history":[{"count":10,"href":"https:\/\/aguilarpsicologos.com\/index.php\/wp-json\/wp\/v2\/pages\/2\/revisions"}],"predecessor-version":[{"id":622,"href":"https:\/\/aguilarpsicologos.com\/index.php\/wp-json\/wp\/v2\/pages\/2\/revisions\/622"}],"wp:attachment":[{"href":"https:\/\/aguilarpsicologos.com\/index.php\/wp-json\/wp\/v2\/media?parent=2"}],"curies":[{"name":"wp","href":"https:\/\/api.w.org\/{rel}","templated":true}]}}